{"id":37,"date":"2026-02-08T21:42:03","date_gmt":"2026-02-08T20:42:03","guid":{"rendered":"https:\/\/zavod-karlion.si\/?page_id=37"},"modified":"2026-02-09T19:21:00","modified_gmt":"2026-02-09T18:21:00","slug":"domov","status":"publish","type":"page","link":"https:\/\/zavod-karlion.si\/","title":{"rendered":"Domov"},"content":{"rendered":"\n<div class=\"wp-block-uagb-container uagb-block-s9dkkveh alignfull uagb-is-root-container\"><div class=\"uagb-container-inner-blocks-wrap\">\n<div class=\"wp-block-uagb-info-box uagb-block-qfqbsiop uagb-infobox__content-wrap  uagb-infobox-icon-above-title uagb-infobox-image-valign-top\"><div class=\"uagb-ifb-content\"><div class=\"uagb-ifb-title-wrap\"><p class=\"uagb-ifb-title-prefix\">Zavod karlion za delovne in socialne pravice<\/p><h1 class=\"uagb-ifb-title\"><img decoding=\"async\" src=\"https:\/\/zavod-karlion.si\/wp-content\/uploads\/2026\/02\/cropped-ChatGPT-Image-Feb-8-2026-at-09_08_35-PM-e1770583052212.png\" alt=\"\" style=\"width: 500px;\"><\/h1><\/div><p class=\"uagb-ifb-desc\">Zavod Karlion je informativno-izobra\u017eevalni zavod, namenjen ozave\u0161\u010danju o delovnih in socialnih razmerjih, pripravi vsebin in literature, izobra\u017eevalnim dejavnostim splo\u0161ne narave ter raziskovanju in razumevanju sistemskih izzivov sodobnega delovnega okolja.<\/p><\/div><\/div>\n<\/div><\/div>\n\n\n\n<div class=\"wp-block-uagb-container uagb-block-w8slobey alignfull uagb-is-root-container\"><div class=\"uagb-container-inner-blocks-wrap\">\n<div class=\"wp-block-uagb-container uagb-block-gfxljbud\">\n<div class=\"wp-block-uagb-info-box uagb-block-ulev8jrf uagb-infobox__content-wrap  uagb-infobox-icon-above-title uagb-infobox-image-valign-top\"><div class=\"uagb-ifb-content\"><div class=\"uagb-ifb-title-wrap\"><h2 class=\"uagb-ifb-title\">Zavod Karlion<br><\/h2><\/div><\/div><\/div>\n\n\n\n<div class=\"wp-block-uagb-info-box uagb-block-hdphzkiw uagb-infobox__content-wrap  uagb-infobox-icon-above-title uagb-infobox-image-valign-top\"><div class=\"uagb-ifb-content\"><div class=\"uagb-ifb-title-wrap\"><\/div><p class=\"uagb-ifb-desc\">Na\u0161 namen je izbolj\u0161ati delovno okolje in s tem zmanj\u0161ati konflikte v delovnih razmerjih. To dolgoro\u010dno vpliva na ohranitev delovnih mest in manj\u0161i porast brezposelnosti.  Pomagati posameznikom in podjetnikom v Sloveniji razumeti sistem, zakonodajo in postopke, s katerimi se sre\u010dujejo v vsakdanjem \u017eivljenju.<\/p><\/div><\/div>\n<\/div>\n\n\n\n<div class=\"wp-block-uagb-container uagb-block-mbbxvjur\">\n<div class=\"wp-block-uagb-container uagb-block-py6vgoxn\">\n<div class=\"wp-block-uagb-info-box uagb-block-rmcg9rd7 uagb-infobox__content-wrap  uagb-infobox-icon-above-title uagb-infobox-image-valign-top\"><div class=\"uagb-ifb-content\"><div class=\"uagb-ifb-title-wrap\"><p class=\"uagb-ifb-title-prefix\">01<\/p><h3 class=\"uagb-ifb-title\">Nepoznavanje pravic in dol\u017enosti<\/h3><\/div><p class=\"uagb-ifb-desc\">\u0160tevilni zapleti v delovnih razmerjih nastanejo zaradi nepoznavanja pravic, dol\u017enosti in postopkov. Zavod Karlion z informiranjem in ozave\u0161\u010danjem delavcev ter delodajalcev prispeva k bolj urejenemu in varnemu delovnemu okolju.<\/p><\/div><\/div>\n<\/div>\n\n\n\n<div class=\"wp-block-uagb-container uagb-block-jskkarvq\">\n<div class=\"wp-block-uagb-info-box uagb-block-9nwyf623 uagb-infobox__content-wrap  uagb-infobox-icon-above-title uagb-infobox-image-valign-top\"><div class=\"uagb-ifb-content\"><div class=\"uagb-ifb-title-wrap\"><p class=\"uagb-ifb-title-prefix\">02<\/p><h3 class=\"uagb-ifb-title\">Razumevanje postopkov in preventiva<\/h3><\/div><p class=\"uagb-ifb-desc\">Te\u017eave pogosto nastanejo, ko posamezniki ne razumejo poteka postopkov in posledic svojih odlo\u010ditev.<br>Zavod Karlion pojasnjuje, kako se najpogostej\u0161e situacije odvijajo v praksi, ter opozarja na pogoste zmote.<\/p><\/div><\/div>\n<\/div>\n\n\n\n<div class=\"wp-block-uagb-container uagb-block-8pzxeane\">\n<div class=\"wp-block-uagb-info-box uagb-block-52n1f9yy uagb-infobox__content-wrap  uagb-infobox-icon-above-title uagb-infobox-image-valign-top\"><div class=\"uagb-ifb-content\"><div class=\"uagb-ifb-title-wrap\"><p class=\"uagb-ifb-title-prefix\">03<\/p><h3 class=\"uagb-ifb-title\">Znanje kot javna vrednota<\/h3><\/div><p class=\"uagb-ifb-desc\">Dostop do jasnih in razumljivih informacij omogo\u010da odgovorno ravnanje in bolj\u0161e odlo\u010ditve.<br>Zavod Karlion gradi odprto informacijsko knji\u017enico za \u0161ir\u0161o javnost, namenjeno ozave\u0161\u010danju in razumevanju delovnih in socialnih razmerij.<\/p><\/div><\/div>\n<\/div>\n<\/div>\n<\/div><\/div>\n","protected":false},"excerpt":{"rendered":"","protected":false},"author":1,"featured_media":0,"parent":0,"menu_order":0,"comment_status":"closed","ping_status":"closed","template":"","meta":{"_uag_custom_page_level_css":"","site-sidebar-layout":"default","site-content-layout":"","ast-site-content-layout":"default","site-content-style":"default","site-sidebar-style":"default","ast-global-header-display":"","ast-banner-title-visibility":"","ast-main-header-display":"","ast-hfb-above-header-display":"","ast-hfb-below-header-display":"","ast-hfb-mobile-header-display":"","site-post-title":"disabled","ast-breadcrumbs-content":"","ast-featured-img":"","footer-sml-layout":"","ast-disable-related-posts":"","theme-transparent-header-meta":"","adv-header-id-meta":"","stick-header-meta":"","header-above-stick-meta":"","header-main-stick-meta":"","header-below-stick-meta":"","astra-migrate-meta-layouts":"default","ast-page-background-enabled":"default","ast-page-background-meta":{"desktop":{"background-color":"var(--ast-global-color-5)","background-image":"","background-repeat":"repeat","background-position":"center center","background-size":"auto","background-attachment":"scroll","background-type":"","background-media":"","overlay-type":"","overlay-color":"","overlay-opacity":"","overlay-gradient":""},"tablet":{"background-color":"","background-image":"","background-repeat":"repeat","background-position":"center center","background-size":"auto","background-attachment":"scroll","background-type":"","background-media":"","overlay-type":"","overlay-color":"","overlay-opacity":"","overlay-gradient":""},"mobile":{"background-color":"","background-image":"","background-repeat":"repeat","background-position":"center center","background-size":"auto","background-attachment":"scroll","background-type":"","background-media":"","overlay-type":"","overlay-color":"","overlay-opacity":"","overlay-gradient":""}},"ast-content-background-meta":{"desktop":{"background-color":"var(--ast-global-color-4)","background-image":"","background-repeat":"repeat","background-position":"center center","background-size":"auto","background-attachment":"scroll","background-type":"","background-media":"","overlay-type":"","overlay-color":"","overlay-opacity":"","overlay-gradient":""},"tablet":{"background-color":"var(--ast-global-color-4)","background-image":"","background-repeat":"repeat","background-position":"center center","background-size":"auto","background-attachment":"scroll","background-type":"","background-media":"","overlay-type":"","overlay-color":"","overlay-opacity":"","overlay-gradient":""},"mobile":{"background-color":"var(--ast-global-color-4)","background-image":"","background-repeat":"repeat","background-position":"center center","background-size":"auto","background-attachment":"scroll","background-type":"","background-media":"","overlay-type":"","overlay-color":"","overlay-opacity":"","overlay-gradient":""}},"footnotes":""},"class_list":["post-37","page","type-page","status-publish","hentry"],"uagb_featured_image_src":{"full":false,"thumbnail":false,"medium":false,"medium_large":false,"large":false,"1536x1536":false,"2048x2048":false},"uagb_author_info":{"display_name":"karlion_gv","author_link":"https:\/\/zavod-karlion.si\/?author=1"},"uagb_comment_info":0,"uagb_excerpt":null,"_links":{"self":[{"href":"https:\/\/zavod-karlion.si\/index.php?rest_route=\/wp\/v2\/pages\/37","targetHints":{"allow":["GET"]}}],"collection":[{"href":"https:\/\/zavod-karlion.si\/index.php?rest_route=\/wp\/v2\/pages"}],"about":[{"href":"https:\/\/zavod-karlion.si\/index.php?rest_route=\/wp\/v2\/types\/page"}],"author":[{"embeddable":true,"href":"https:\/\/zavod-karlion.si\/index.php?rest_route=\/wp\/v2\/users\/1"}],"replies":[{"embeddable":true,"href":"https:\/\/zavod-karlion.si\/index.php?rest_route=%2Fwp%2Fv2%2Fcomments&post=37"}],"version-history":[{"count":5,"href":"https:\/\/zavod-karlion.si\/index.php?rest_route=\/wp\/v2\/pages\/37\/revisions"}],"predecessor-version":[{"id":231,"href":"https:\/\/zavod-karlion.si\/index.php?rest_route=\/wp\/v2\/pages\/37\/revisions\/231"}],"wp:attachment":[{"href":"https:\/\/zavod-karlion.si\/index.php?rest_route=%2Fwp%2Fv2%2Fmedia&parent=37"}],"curies":[{"name":"wp","href":"https:\/\/api.w.org\/{rel}","templated":true}]}}